{"id":16,"date":"2013-01-08T12:50:51","date_gmt":"2013-01-08T12:50:51","guid":{"rendered":"https:\/\/curatoriaforense.net\/_residencias\/foreplay\/?page_id=16"},"modified":"2013-02-12T01:32:17","modified_gmt":"2013-02-12T01:32:17","slug":"calendario-de-actividades","status":"publish","type":"page","link":"https:\/\/curatoriaforense.net\/_residencias\/foreplay\/?page_id=16","title":{"rendered":"Calendario de Actividades P\u00fablicas"},"content":{"rendered":"<table width=\"100%\" border=\"0\">\n<tbody>\n<tr>\n<td bgcolor=\"#FF9900\">fecha<\/td>\n<td bgcolor=\"#FF9900\">hora<\/td>\n<td bgcolor=\"#FF9900\">actividad<\/td>\n<\/tr>\n<tr>\n<td bgcolor=\"#D5D5D5\">mi\u00e9rcoles 16 de enero<\/td>\n<td bgcolor=\"#D5D5D5\">16:00 hrs.<\/td>\n<td bgcolor=\"#D5D5D5\"><strong>Presentaci\u00f3n de Portafolios<\/strong> de los residentes. NoM\u00cdNIMO<br \/>\n(<a href=\"https:\/\/www.facebook.com\/events\/518782958156475\/\" target=\"_blank\">evento en facebook<\/a>)<\/td>\n<\/tr>\n<tr>\n<td bgcolor=\"#D5D5D5\">jueves 17 de enero<\/td>\n<td bgcolor=\"#D5D5D5\">18:00 hrs.<\/td>\n<td bgcolor=\"#D5D5D5\"><strong>Fiesta de Inauguraci\u00f3n<\/strong>\u00a0de la Residencia Internacional de Arte Contempor\u00e1neo en\u00a0NoM\u00cdNIMO.<br \/>\n(<a href=\"https:\/\/www.facebook.com\/events\/198269380298259\/\" target=\"_blank\">evento en facebook<\/a>)<\/td>\n<\/tr>\n<tr>\n<td bgcolor=\"#D5D5D5\">viernes 25 de enero<\/td>\n<td bgcolor=\"#D5D5D5\"><span style=\"font-family: 'Hoefler Text', 'Baskerville old face', Garamond, 'Times New Roman', serif; font-style: normal;\" data-mce-mark=\"1\">18:00 hrs<\/span><\/td>\n<td bgcolor=\"#D5D5D5\"><strong>Fiesta de Cierre<\/strong> en NoM\u00cdNIMO<\/td>\n<\/tr>\n<tr>\n<td bgcolor=\"#D5D5D5\"><\/td>\n<td bgcolor=\"#D5D5D5\"><\/td>\n<td bgcolor=\"#D5D5D5\"><\/td>\n<\/tr>\n<\/tbody>\n<\/table>\n<p>Las actividades son gratuitas y de acceso p\u00fablico. Todas las actividades se realizan en <strong>NoM\u00cdNIMO <\/strong>(Plaza Lagos Town Center, Edif. Mirador, PB local 4. Km 6.5 V\u00eda Samborond\u00f3n, Guayaquil, Ecuador.)\u00a0a menos que se indique lo contrario.<\/p>\n<p>Algunas actividades pueden sufrir modificaciones.\u00a0<a href=\"https:\/\/curatoriaforense.net\/niued\/?page_id=196\" target=\"_blank\">Recibe el bolet\u00edn de noticias de Curator\u00eda Forense\u00a0<\/a><\/p>\n","protected":false},"excerpt":{"rendered":"<p>fecha hora actividad mi\u00e9rcoles 16 de enero 16:00 hrs. Presentaci\u00f3n de Portafolios de los residentes. NoM\u00cdNIMO (evento en facebook) jueves 17 de enero 18:00 hrs. Fiesta de Inauguraci\u00f3n\u00a0de la Residencia&hellip;<\/p>\n","protected":false},"author":1,"featured_media":0,"parent":0,"menu_order":0,"comment_status":"open","ping_status":"open","template":"","meta":{"ngg_post_thumbnail":0,"footnotes":""},"class_list":["post-16","page","type-page","status-publish","hentry"],"_links":{"self":[{"href":"https:\/\/curatoriaforense.net\/_residencias\/foreplay\/index.php?rest_route=\/wp\/v2\/pages\/16","targetHints":{"allow":["GET"]}}],"collection":[{"href":"https:\/\/curatoriaforense.net\/_residencias\/foreplay\/index.php?rest_route=\/wp\/v2\/pages"}],"about":[{"href":"https:\/\/curatoriaforense.net\/_residencias\/foreplay\/index.php?rest_route=\/wp\/v2\/types\/page"}],"author":[{"embeddable":true,"href":"https:\/\/curatoriaforense.net\/_residencias\/foreplay\/index.php?rest_route=\/wp\/v2\/users\/1"}],"replies":[{"embeddable":true,"href":"https:\/\/curatoriaforense.net\/_residencias\/foreplay\/index.php?rest_route=%2Fwp%2Fv2%2Fcomments&post=16"}],"version-history":[{"count":7,"href":"https:\/\/curatoriaforense.net\/_residencias\/foreplay\/index.php?rest_route=\/wp\/v2\/pages\/16\/revisions"}],"predecessor-version":[{"id":19,"href":"https:\/\/curatoriaforense.net\/_residencias\/foreplay\/index.php?rest_route=\/wp\/v2\/pages\/16\/revisions\/19"}],"wp:attachment":[{"href":"https:\/\/curatoriaforense.net\/_residencias\/foreplay\/index.php?rest_route=%2Fwp%2Fv2%2Fmedia&parent=16"}],"curies":[{"name":"wp","href":"https:\/\/api.w.org\/{rel}","templated":true}]}}