{"id":23,"date":"2013-01-14T14:31:04","date_gmt":"2013-01-14T14:31:04","guid":{"rendered":"https:\/\/curatoriaforense.net\/_residencias\/foreplay\/?page_id=23"},"modified":"2013-04-16T15:12:08","modified_gmt":"2013-04-16T15:12:08","slug":"equipo-de-trabajo","status":"publish","type":"page","link":"https:\/\/curatoriaforense.net\/_residencias\/foreplay\/?page_id=23","title":{"rendered":"Equipo de Trabajo"},"content":{"rendered":"<p style=\"text-align: justify;\">El equipo de trabajo de la Residencia de Arte Contempor\u00e1neo [FOREPLAY] est\u00e1 coordinado por <a href=\"http:\/\/www.jorge-sepulveda.net\/\" target=\"_blank\">Jorge Sep\u00falveda T.<\/a> (curador independiente), <a href=\"http:\/\/www.ilzepetroni.net\/\" target=\"_blank\">Ilze Petroni<\/a> (investigadora de arte), Eliana Hidalgo y Pily Estrada (Directoras de NoM\u00cdNIMO) y Romina M\u00fa\u00f1oz (Gerente General de NoM\u00cdNIMO).<\/p>\n<p style=\"text-align: justify;\">Participan: Cecilia Flores Aracena (Santiago, Chile); <a href=\"https:\/\/curatoriaforense.net\/_residencias\/foreplay\/?tag=carolina-olmedo-carrasco\">Carolina Alejandra Olmedo Carrasco<\/a> (Santiago, Chile); <a href=\"https:\/\/curatoriaforense.net\/_residencias\/foreplay\/?tag=eddy-chacon\">Eddy Chac\u00f3n<\/a> (Valencia, Venezuela); <a href=\"https:\/\/curatoriaforense.net\/_residencias\/foreplay\/?tag=javier-gavilanes\">Javier Gavilanes <\/a>(Guayaquil, Ecuador); <a href=\"https:\/\/curatoriaforense.net\/_residencias\/foreplay\/?tag=jimmy-lara\">Jimmy Lara<\/a> (Guayaquil, Ecuador); \u00a0<a href=\"https:\/\/curatoriaforense.net\/_residencias\/foreplay\/?tag=juan-carlos-jimenez-abarca\">Juan Carlos Jimenez Abarca<\/a> (Morelia, M\u00e9xico); <a href=\"https:\/\/curatoriaforense.net\/_residencias\/foreplay\/?tag=marcela-coppo\">Marcela Coppo<\/a> (Neuqu\u00e9n, Argentina); <a href=\"https:\/\/curatoriaforense.net\/_residencias\/foreplay\/?tag=maria-gallo\">Mar\u00eda Gallo<\/a> (San Miguel de Tucum\u00e1n, Argentina); <a href=\"https:\/\/curatoriaforense.net\/_residencias\/foreplay\/?tag=celeste-venica\">Mar\u00eda Celeste V\u00e9nica<\/a> (Neuqu\u00e9n, Argentina); <a href=\"https:\/\/curatoriaforense.net\/_residencias\/foreplay\/?tag=guillermina-bustos\">Mar\u00eda Guillermina Bustos<\/a> (C\u00f3rdoba, Argentina); <a href=\"https:\/\/curatoriaforense.net\/_residencias\/foreplay\/?tag=mariela-leal\">Mariela Leal<\/a> (Mendoza, Argentina); <a href=\"https:\/\/curatoriaforense.net\/_residencias\/foreplay\/?tag=marina-torre\">Marina Arneiro Torre<\/a> (S\u00e3o Paulo, Brasil); <a href=\"https:\/\/curatoriaforense.net\/_residencias\/foreplay\/?tag=marta-salina\">Marta Salina<\/a> (San Miguel de Tucum\u00e1n, Argentina); Ricardo Bohorquez (Guayaquil, Ecuador); <a href=\"https:\/\/curatoriaforense.net\/_residencias\/foreplay\/?tag=sarojini-lewis\">Sarojini Lewis<\/a> (Rotterdam, Holanda); Stefano Rubira (Guayaquil, Ecuador) y Vanessa F. de Jesus (S\u00e3o Paulo, Brasil).<\/p>\n<p>Esta residencia es organizada por <a href=\"https:\/\/curatoriaforense.net\" target=\"_blank\">Curator\u00eda Forense &#8211; Latinoam\u00e9rica<\/a> y <a href=\"http:\/\/www.no-minimo.com\/\" target=\"_blank\">NoM\u00cdNIMO <\/a>(Guayaquil, Ecuador).<\/p>\n<div>Ver el equipo completo de trabajo de <a href=\"https:\/\/curatoriaforense.net\/niued\/?page_id=2\" target=\"_blank\">Curator\u00eda Forense<\/a>.<\/div>\n","protected":false},"excerpt":{"rendered":"<p>El equipo de trabajo de la Residencia de Arte Contempor\u00e1neo [FOREPLAY] est\u00e1 coordinado por Jorge Sep\u00falveda T. (curador independiente), Ilze Petroni (investigadora de arte), Eliana Hidalgo y Pily Estrada (Directoras&hellip;<\/p>\n","protected":false},"author":1,"featured_media":0,"parent":0,"menu_order":0,"comment_status":"open","ping_status":"open","template":"","meta":{"ngg_post_thumbnail":0,"footnotes":""},"class_list":["post-23","page","type-page","status-publish","hentry"],"_links":{"self":[{"href":"https:\/\/curatoriaforense.net\/_residencias\/foreplay\/index.php?rest_route=\/wp\/v2\/pages\/23","targetHints":{"allow":["GET"]}}],"collection":[{"href":"https:\/\/curatoriaforense.net\/_residencias\/foreplay\/index.php?rest_route=\/wp\/v2\/pages"}],"about":[{"href":"https:\/\/curatoriaforense.net\/_residencias\/foreplay\/index.php?rest_route=\/wp\/v2\/types\/page"}],"author":[{"embeddable":true,"href":"https:\/\/curatoriaforense.net\/_residencias\/foreplay\/index.php?rest_route=\/wp\/v2\/users\/1"}],"replies":[{"embeddable":true,"href":"https:\/\/curatoriaforense.net\/_residencias\/foreplay\/index.php?rest_route=%2Fwp%2Fv2%2Fcomments&post=23"}],"version-history":[{"count":10,"href":"https:\/\/curatoriaforense.net\/_residencias\/foreplay\/index.php?rest_route=\/wp\/v2\/pages\/23\/revisions"}],"predecessor-version":[{"id":25,"href":"https:\/\/curatoriaforense.net\/_residencias\/foreplay\/index.php?rest_route=\/wp\/v2\/pages\/23\/revisions\/25"}],"wp:attachment":[{"href":"https:\/\/curatoriaforense.net\/_residencias\/foreplay\/index.php?rest_route=%2Fwp%2Fv2%2Fmedia&parent=23"}],"curies":[{"name":"wp","href":"https:\/\/api.w.org\/{rel}","templated":true}]}}