{"id":2,"date":"2014-04-17T18:15:51","date_gmt":"2014-04-17T18:15:51","guid":{"rendered":"https:\/\/curatoriaforense.net\/_residencias\/laexperiencialapedagogia\/?page_id=2"},"modified":"2014-05-14T21:38:02","modified_gmt":"2014-05-14T21:38:02","slug":"sample-page","status":"publish","type":"page","link":"https:\/\/curatoriaforense.net\/_residencias\/laexperiencialapedagogia\/?page_id=2","title":{"rendered":"Equipo de Trabajo"},"content":{"rendered":"<p><span style=\"color: #000000;\">El equipo de trabajo de la residencia de arte contempor\u00e1neo [LA EXPERIENCIA \/ LA PEDAGOG\u00cdA] est\u00e1 coordinado por Jorge Sep\u00falveda T. (curador independiente) e Ilze Petroni Ph.D. (investigadora de arte).<\/span><\/p>\n<p><span style=\"color: #000000;\">Participan artistas visuales, gestores aut\u00f3nomos, curadores, historiadores e investigadores provenientes de\u00a0Argentina, Brasil, Chile, Colombia, Cuba, Finlandia, Guatemala, M\u00e9xico, Per\u00fa y Uruguay.<\/span><\/p>\n<p><span style=\"color: #000000;\">Los participantes son\u00a0<span style=\"color: #222222;\">Alejandra Fuentes Romero (M\u00e9xico) Alejandra Ram\u00edrez (Chile),\u00a0Anlly Carolina Estrada (Per\u00fa), <a href=\"https:\/\/curatoriaforense.net\/_residencias\/laexperiencialapedagogia\/?tag=arantxa-ciafrino\" target=\"_blank\">Arantxa Llanos<\/a> (Brasil),\u00a0Ayelen Lamas (Argentina), Camila Guajardo (Chile),\u00a0<a href=\"https:\/\/curatoriaforense.net\/_residencias\/laexperiencialapedagogia\/?tag=catalina-rojas\" target=\"_blank\">Catalina Rojas<\/a> (Colombia),\u00a0<a href=\"https:\/\/curatoriaforense.net\/_residencias\/laexperiencialapedagogia\/?tag=clarissa-godoy\" target=\"_blank\">Clarissa Godoy de Souza Oliveira <\/a>(Brasil),\u00a0 Itzel Archundia (M\u00e9xico), <a href=\"https:\/\/curatoriaforense.net\/_residencias\/laexperiencialapedagogia\/?tag=jhon-benavides\" target=\"_blank\">Jhon Benavides <\/a>(Colombia),\u00a0<\/span><span style=\"color: #222222;\">Kirsi Hyotyla (Finlandia), Lainier D\u00edaz (Cuba), Mara Reyes (M\u00e9xico), <a href=\"https:\/\/curatoriaforense.net\/_residencias\/laexperiencialapedagogia\/?tag=maria-jose-leon\" target=\"_blank\">Mar\u00eda Jos\u00e9 Le\u00f3n<\/a> (Chile),\u00a0<a href=\"https:\/\/curatoriaforense.net\/_residencias\/laexperiencialapedagogia\/?tag=natali-tubenchlak\" target=\"_blank\">Natali Tubenchlak<\/a> (Brasil),\u00a0Pablo Cornejo (Argentina),\u00a0<\/span><span style=\"color: #222222;\"><a href=\"https:\/\/curatoriaforense.net\/_residencias\/laexperiencialapedagogia\/?tag=sandra-petrovich\" target=\"_blank\">Sandra Petrovich<\/a> (Uruguay), <a href=\"https:\/\/curatoriaforense.net\/_residencias\/laexperiencialapedagogia\/?tag=samuel-pintos\" target=\"_blank\">Samuel Pinto\u00a0S.<\/a> (Per\u00fa), <a href=\"https:\/\/curatoriaforense.net\/_residencias\/laexperiencialapedagogia\/?tag=sebastian-farfan\" target=\"_blank\">Sebasti\u00e1n Farf\u00e1n<\/a> (Chile),\u00a0<a href=\"https:\/\/curatoriaforense.net\/_residencias\/laexperiencialapedagogia\/?tag=thaise-nardim\" target=\"_blank\">Thaise Nardim<\/a> (Brasil),\u00a0V\u00edctor Hugo Espinosa (M\u00e9xico), <a href=\"https:\/\/curatoriaforense.net\/_residencias\/laexperiencialapedagogia\/?tag=ximena-vargas\" target=\"_blank\">Ximena Vargas<\/a> (Chile) y\u00a0<\/span><span style=\"color: #222222;\"><a href=\"https:\/\/curatoriaforense.net\/_residencias\/laexperiencialapedagogia\/?tag=yelena-chavez\" target=\"_blank\">Yelena Chavez <\/a>(Guatemala).<\/span><\/span><\/p>\n<p><span style=\"color: #000000;\">La residencia es organizada por el grupo de trabajo en arte contempor\u00e1neo <em><strong><a href=\"https:\/\/curatoriaforense.net\" target=\"_blank\">Curator\u00eda Forense &#8211; Latinoam\u00e9rica<\/a><\/strong><\/em> en colaboraci\u00f3n con Lemmy Hostel (C\u00f3rdoba, Argentina).<\/span><\/p>\n","protected":false},"excerpt":{"rendered":"<p>El equipo de trabajo de la residencia de arte contempor\u00e1neo [LA EXPERIENCIA \/ LA PEDAGOG\u00cdA] est\u00e1 coordinado por Jorge Sep\u00falveda T. (curador independiente) e Ilze Petroni Ph.D. (investigadora de arte).&hellip;<\/p>\n","protected":false},"author":1,"featured_media":5,"parent":0,"menu_order":0,"comment_status":"open","ping_status":"open","template":"","meta":{"ngg_post_thumbnail":0,"footnotes":""},"class_list":["post-2","page","type-page","status-publish","has-post-thumbnail","hentry"],"_links":{"self":[{"href":"https:\/\/curatoriaforense.net\/_residencias\/laexperiencialapedagogia\/index.php?rest_route=\/wp\/v2\/pages\/2","targetHints":{"allow":["GET"]}}],"collection":[{"href":"https:\/\/curatoriaforense.net\/_residencias\/laexperiencialapedagogia\/index.php?rest_route=\/wp\/v2\/pages"}],"about":[{"href":"https:\/\/curatoriaforense.net\/_residencias\/laexperiencialapedagogia\/index.php?rest_route=\/wp\/v2\/types\/page"}],"author":[{"embeddable":true,"href":"https:\/\/curatoriaforense.net\/_residencias\/laexperiencialapedagogia\/index.php?rest_route=\/wp\/v2\/users\/1"}],"replies":[{"embeddable":true,"href":"https:\/\/curatoriaforense.net\/_residencias\/laexperiencialapedagogia\/index.php?rest_route=%2Fwp%2Fv2%2Fcomments&post=2"}],"version-history":[{"count":10,"href":"https:\/\/curatoriaforense.net\/_residencias\/laexperiencialapedagogia\/index.php?rest_route=\/wp\/v2\/pages\/2\/revisions"}],"predecessor-version":[{"id":452,"href":"https:\/\/curatoriaforense.net\/_residencias\/laexperiencialapedagogia\/index.php?rest_route=\/wp\/v2\/pages\/2\/revisions\/452"}],"wp:featuredmedia":[{"embeddable":true,"href":"https:\/\/curatoriaforense.net\/_residencias\/laexperiencialapedagogia\/index.php?rest_route=\/wp\/v2\/media\/5"}],"wp:attachment":[{"href":"https:\/\/curatoriaforense.net\/_residencias\/laexperiencialapedagogia\/index.php?rest_route=%2Fwp%2Fv2%2Fmedia&parent=2"}],"curies":[{"name":"wp","href":"https:\/\/api.w.org\/{rel}","templated":true}]}}