{"id":338,"date":"2010-04-20T04:35:17","date_gmt":"2010-04-20T11:35:17","guid":{"rendered":"https:\/\/curatoriaforense.net\/niued\/?page_id=338"},"modified":"2013-06-18T16:14:24","modified_gmt":"2013-06-18T23:14:24","slug":"procrastination-tour-mayo-junio-2010","status":"publish","type":"page","link":"https:\/\/curatoriaforense.net\/niued\/?page_id=338","title":{"rendered":"[PROCRASTINATION TOUR] Mayo &#8211; Junio 2010"},"content":{"rendered":"<p style=\"text-align: center;\"><a href=\"https:\/\/curatoriaforense.net\/niued\/wp-content\/uploads\/2010\/04\/procrastination_web.jpg\"><img loading=\"lazy\" decoding=\"async\" class=\"alignnone size-medium wp-image-339\" title=\"procrastination tour\" alt=\"seminario-taller sobre teor\u00eda y cr\u00edtica de arte como arma de destrucci\u00f3n masiva\" src=\"https:\/\/curatoriaforense.net\/niued\/wp-content\/uploads\/2010\/04\/procrastination_web-300x127.jpg\" width=\"300\" height=\"127\" srcset=\"https:\/\/curatoriaforense.net\/niued\/wp-content\/uploads\/2010\/04\/procrastination_web-300x127.jpg 300w, https:\/\/curatoriaforense.net\/niued\/wp-content\/uploads\/2010\/04\/procrastination_web.jpg 593w\" sizes=\"(max-width: 300px) 100vw, 300px\" \/><\/a><\/p>\n<p style=\"text-align: center;\"><strong><span lang=\"ES-MX\"><br \/>\nSeminario-taller sobre teor\u00eda y cr\u00edtica<br \/>\nde arte como arma de destrucci\u00f3n masiva<\/span><\/strong><\/p>\n<p style=\"text-align: left;\">[PROCRASTINATION TOUR]<br \/>\nSeminario sobre Teor\u00eda y Cr\u00edtica de Arte<br \/>\ncomo arma de destrucci\u00f3n masiva.<br \/>\n2 d\u00edas de trabajo, 10:00 a 18:00 horas.<br \/>\nCupos Limitados.<br \/>\nRequisitos de postulaci\u00f3n: Statement y rese\u00f1a curricular.<\/p>\n<p style=\"text-align: left;\">GALERIA DE IMAGENES \/ IMAGE GALLERY<\/p>\n<p style=\"text-align: left;\">ngg_shortcode_0_placeholder<\/p>\n<p style=\"text-align: left;\">[like]<\/p>\n<p style=\"text-align: center;\"><strong><span lang=\"ES-MX\"><br \/>\n<\/span><\/strong><\/p>\n<table width=\"100%\" border=\"0\">\n<tbody>\n<tr>\n<td colspan=\"5\" bgcolor=\"#FFFF99\">\n<div style=\"text-align: center;\"><strong>Calendario de Actividades<\/strong><\/div>\n<\/td>\n<\/tr>\n<tr>\n<td bgcolor=\"#FFFF99\">\n<div style=\"text-align: center;\">fecha<\/div>\n<\/td>\n<td bgcolor=\"#FFFF99\">\n<div style=\"text-align: center;\">lugar<\/div>\n<\/td>\n<td bgcolor=\"#FFFF99\">\n<div style=\"text-align: center;\">gestor<\/div>\n<\/td>\n<td bgcolor=\"#FFFF99\">\n<div>\n<div>inscripci\u00f3n<\/div>\n<\/div>\n<\/td>\n<td bgcolor=\"#FFFF99\">\n<div style=\"text-align: center;\">valor por participante<\/div>\n<\/td>\n<\/tr>\n<tr>\n<td>\n<div style=\"text-align: center;\">6 y 7 de<br \/>\nmayo<\/div>\n<\/td>\n<td>\n<div style=\"text-align: center;\"><strong>C\u00d3RDOBA<\/strong><\/div>\n<\/td>\n<td>\n<div style=\"text-align: center;\">Casa 13<\/div>\n<\/td>\n<td style=\"text-align: center;\">Anibal Buede &lt;buedes@hotmail.com&gt;<\/td>\n<td>\n<div style=\"text-align: right;\">ARG$150<\/div>\n<\/td>\n<\/tr>\n<tr>\n<td>\n<div style=\"text-align: center;\">13 y 14 de mayo<\/div>\n<\/td>\n<td>\n<div style=\"text-align: center;\"><strong>COMODORO RIVADAVIA <\/strong><\/div>\n<\/td>\n<td>\n<div style=\"text-align: center;\">Galer\u00eda N\u00f3made<\/div>\n<\/td>\n<td style=\"text-align: center;\">Irina Svoboda &lt;info@galeriadeartenomade.com&gt;<\/td>\n<td>\n<div style=\"text-align: right;\">ARG$170<\/div>\n<\/td>\n<\/tr>\n<tr>\n<td>\n<div style=\"text-align: center;\">28 y 29 de mayo<\/div>\n<\/td>\n<td>\n<div style=\"text-align: center;\"><strong>BUENOS AIRES <\/strong><\/div>\n<\/td>\n<td>\n<div>\n<div style=\"text-align: center;\">Mariana Rodriguez I.<\/div>\n<\/div>\n<\/td>\n<td style=\"text-align: center;\">procastinationba@gmail.com<\/td>\n<td>\n<div style=\"text-align: right;\"><span style=\"text-align: center;\">ARG$180<\/span><\/div>\n<\/td>\n<\/tr>\n<tr>\n<td>\n<div style=\"text-align: center;\">5 y 6 junio<\/div>\n<\/td>\n<td>\n<div style=\"text-align: center;\"><strong>MENDOZA<\/strong><\/div>\n<\/td>\n<td style=\"text-align: center;\">Sebasti\u00e1n Gonz\u00e1lez<\/td>\n<td style=\"text-align: center;\"><a href=\"mailto:gonzalezproduccion@gmail.com\">gonzalezproduccion@gmail.com<\/a><\/td>\n<td style=\"text-align: right;\"><span style=\"text-align: center;\">ARG$100<\/span><\/td>\n<\/tr>\n<tr>\n<td>\n<div>\n<div style=\"text-align: center;\">11 y 12 de junio<\/div>\n<\/div>\n<\/td>\n<td>\n<div style=\"text-align: center;\"><strong>TUCUM\u00c1\u0081N<\/strong><\/div>\n<\/td>\n<td>\n<div style=\"text-align: center;\">C\u00famulo<\/div>\n<\/td>\n<td>\n<div style=\"text-align: center;\">cumulocolectivo@gmail.com<\/div>\n<\/td>\n<td>\n<div style=\"text-align: right;\"><span style=\"text-align: center;\">ARG$150<\/span><\/div>\n<\/td>\n<\/tr>\n<\/tbody>\n<\/table>\n<p><strong>Presentaci\u00f3n<\/strong><\/p>\n<p style=\"text-align: justify;\"><strong>Procastination Tour<\/strong> es un seminario-taller de debate sobre teor\u00eda y cr\u00edtica de arte contempor\u00e1neo. Durante este tour conversaremos sobre la <em>producci\u00f3n discursiva como hip\u00f3tesis de lectura<\/em> y como <em>coartada argumentativa de los objetos de arte<\/em>, sobre el texto como herramienta de consolidaci\u00f3n, negociaci\u00f3n e inscripci\u00f3n en el sistema del arte, entre otros temas.<\/p>\n<p style=\"text-align: justify;\">El objetivo de esta serie de conversaciones es proporcionar, tanto al p\u00fablico general como a artistas visuales, herramientas y contextos de evaluaci\u00f3n de calidad y pertinencia de la producci\u00f3n discursiva relacionados con el arte contempor\u00e1neo.<\/p>\n<p style=\"text-align: justify;\">Esta serie de conversaciones es dirigida por Jorge Sep\u00falveda T., curador independiente, en colaboraci\u00f3n con Ilze Petroni, investigadora de arte.<\/p>\n<p style=\"text-align: justify;\"><span>Est\u00e1 dirigida a artistas, investigadores, historiadores y curadores de arte, como tambi\u00e9n a p\u00fablico general interesado en las artes visuales contempor\u00e1neas. <\/span><\/p>\n<p style=\"text-align: justify;\"><span>Finalizada la serie de seminarios se realizar\u00e1 una edici\u00f3n digital PDF con registros de las charlas e intervenciones del p\u00fablico. Se emitir\u00e1n certificados a los participantes.<\/span><\/p>\n<p style=\"text-align: justify;\"><strong><br \/>\n<\/strong><\/p>\n<p><strong>M\u00f3dulos<\/strong><\/p>\n<ol type=\"1\">\n<li style=\"text-align: justify;\"><strong>Malentendidos, preconceptos y sobreentendidos.<\/strong> \/ Presentaci\u00f3n del seminario y glosario de t\u00e9rminos.<\/li>\n<li style=\"text-align: justify;\"><strong>Me gusta, no me gusta. Mucho poquito nada<\/strong>. \/ Breve historia comentada de la cr\u00edtica.<\/li>\n<li style=\"text-align: justify;\"><strong>El amor a la ficci\u00f3n y el amor a la falacia.<\/strong> \/ Sistema de producci\u00f3n discursiva. Desarticulaci\u00f3n del discurso de la cr\u00edtica. Pedagog\u00eda, tendencias formalistas, romanticismo epid\u00e9rmico. El comentario y la rese\u00f1a.<\/li>\n<li style=\"text-align: justify;\"><strong><em>Puesta a prueba <\/em>o la rata en el laboratorio.<\/strong> \/ Taller.<\/li>\n<li style=\"text-align: justify;\"><strong>Errores comunes y la comunidad del error<\/strong>. \/ Problematizaci\u00f3n del ejercicio actual de la cr\u00edtica.<\/li>\n<li style=\"text-align: justify;\"><strong>Esto no es dial\u00e9ctica negativa.<\/strong> \/ Propuestas para una cr\u00edtica cr\u00edtica. Taller.<\/li>\n<li style=\"text-align: justify;\"><strong><em>La clave de los sue\u00f1os<\/em>: afectaci\u00f3n del objeto y discurso afectado<\/strong>. \/ Sistemas de visibilidad: el discurso como herramienta de visibilizaci\u00f3n del objeto de arte y como objeto de arte.<\/li>\n<li style=\"text-align: justify;\"><strong>Cierre<\/strong>. \/ Mesa de debate y conclusiones del seminario.<\/li>\n<\/ol>\n<p><strong>Calendario de actividades<\/strong><\/p>\n<table border=\"1\" cellspacing=\"0\" cellpadding=\"0\">\n<tbody>\n<tr>\n<td valign=\"top\" width=\"192\"><\/td>\n<td valign=\"top\" width=\"192\">\n<p style=\"text-align: center;\">D\u00eda 1<\/p>\n<\/td>\n<td valign=\"top\" width=\"192\">\n<p style=\"text-align: center;\">D\u00eda 2<\/p>\n<\/td>\n<\/tr>\n<tr>\n<td valign=\"top\" width=\"192\">\n<p style=\"text-align: center;\"><strong>Primer M\u00f3dulo<\/strong><\/p>\n<p style=\"text-align: center;\">(10:00 a 11:30 hrs.)<\/p>\n<\/td>\n<td bgcolor=\"#FFFF99\" width=\"192\"><\/td>\n<td bgcolor=\"#FFFF99\" width=\"192\"><\/td>\n<\/tr>\n<tr>\n<td valign=\"top\" width=\"192\">\n<p style=\"text-align: center;\">Caf\u00e9<\/p>\n<\/td>\n<td width=\"192\"><\/td>\n<td width=\"192\"><\/td>\n<\/tr>\n<tr>\n<td valign=\"top\" width=\"192\">\n<p style=\"text-align: center;\"><strong>Segundo M\u00f3dulo<\/strong><\/p>\n<p style=\"text-align: center;\">(11:45 a 13:15 hrs.)<\/p>\n<\/td>\n<td bgcolor=\"#FFFF99\" width=\"192\"><\/td>\n<td bgcolor=\"#FFFF99\" width=\"192\">\n<p style=\"text-align: center;\">Taller<\/p>\n<\/td>\n<\/tr>\n<tr>\n<td valign=\"top\" width=\"192\">\n<p style=\"text-align: center;\">Almuerzo<\/p>\n<\/td>\n<td width=\"192\"><\/td>\n<td width=\"192\"><\/td>\n<\/tr>\n<tr>\n<td valign=\"top\" width=\"192\">\n<p style=\"text-align: center;\"><strong>Tercer M\u00f3dulo<\/strong><\/p>\n<p style=\"text-align: center;\">(15:00 a 16:30 hrs.)<\/p>\n<\/td>\n<td bgcolor=\"#FFFF99\" width=\"192\"><\/td>\n<td bgcolor=\"#FFFF99\" width=\"192\"><\/td>\n<\/tr>\n<tr>\n<td valign=\"top\" width=\"192\">\n<p style=\"text-align: center;\">Caf\u00e9<\/p>\n<\/td>\n<td width=\"192\"><\/td>\n<td width=\"192\"><\/td>\n<\/tr>\n<tr>\n<td valign=\"top\" width=\"192\">\n<p style=\"text-align: center;\"><strong>Cuarto M\u00f3dulo<\/strong><\/p>\n<p style=\"text-align: center;\">(16:45 a 18:15 hrs.)<\/p>\n<\/td>\n<td bgcolor=\"#FFFF99\" width=\"192\">\n<p style=\"text-align: center;\">Taller<\/p>\n<\/td>\n<td bgcolor=\"#FFFF99\" width=\"192\">\n<p style=\"text-align: center;\">Mesa de Debate. Conclusiones.<\/p>\n<\/td>\n<\/tr>\n<\/tbody>\n<\/table>\n<p><strong><br \/>\n<\/strong><\/p>\n<p style=\"text-align: justify;\"><strong>Equipo de trabajo <\/strong><\/p>\n<p style=\"text-align: justify;\"><strong>Jorge Sep\u00falveda T. <\/strong><span>Curador Independiente y cr\u00edtico de arte. Ha realizado y asesorado m\u00e1s de 25 exposiciones colectivas e individuales de artistas visuales contempor\u00e1neos sudamericanos. Sus art\u00edculos y comentarios sobre arte est\u00e1n disponibles en <a href=\"https:\/\/curatoriaforense.net\/\" target=\"_blank\">www.curatoriaforense.net<\/a>. Ha realizado publicaciones y charlas sobre artes visuales contempor\u00e1neas,\u00c2\u00a0circuito de arte, fondos culturales p\u00fablicos, imaginario art\u00edstico e imaginario social en diversos medios entre los que destacan<\/span><em>Documenta 12 Magazine<\/em><span>, <\/span><em>Artenlinea<\/em><span>,<\/span><em>ArteyCritica<\/em><span>y\u00c2\u00a0Revista<\/span><em>Plus<\/em><span>.<\/span><\/p>\n<p style=\"text-align: justify;\"><strong>Ilze Petroni. <\/strong>Investigadora en Artes Audiovisuales. Ha trabajado en la C\u00e1tedra de Movimientos Est\u00e9ticos y Cultura Argentina, Seminario de Cultura Popular y Cultura de Masas y Seminario de Problemas de la Sociedad Contempor\u00e1nea en la Escuela de Ciencias de la Informaci\u00f3n de la Universidad Nacional de C\u00f3rdoba. Tambi\u00e9n ha participado en varios equipos de investigaci\u00f3n dedicados a la problem\u00e1tica del cine argentino actual. Actualmente se encuentra realizando su tesis doctoral del Doctorado en Artes de la Facultad de Filosof\u00eda y Humanidades (UNC) y es becaria del Conicet.<\/p>\n","protected":false},"excerpt":{"rendered":"<p>Seminario-taller sobre teor\u00eda y cr\u00edtica de arte como arma de destrucci\u00f3n masiva [PROCRASTINATION TOUR] Seminario sobre Teor\u00eda y Cr\u00edtica de Arte como arma de destrucci\u00f3n masiva. 2 d\u00edas de trabajo, 10:00 a 18:00 horas. Cupos Limitados. Requisitos de postulaci\u00f3n: Statement y rese\u00f1a curricular. GALERIA DE IMAGENES \/ IMAGE GALLERY [like] Calendario de Actividades fecha lugar [&hellip;]<\/p>\n","protected":false},"author":16,"featured_media":0,"parent":0,"menu_order":0,"comment_status":"open","ping_status":"open","template":"","meta":{"saved_in_kubio":false,"_monsterinsights_skip_tracking":false,"_monsterinsights_sitenote_active":false,"_monsterinsights_sitenote_note":"","_monsterinsights_sitenote_category":0,"ngg_post_thumbnail":0,"_joinchat":[],"footnotes":""},"class_list":["post-338","page","type-page","status-publish","hentry"],"kubio_ai_page_context":{"short_desc":"","purpose":"general"},"_links":{"self":[{"href":"https:\/\/curatoriaforense.net\/niued\/index.php?rest_route=\/wp\/v2\/pages\/338","targetHints":{"allow":["GET"]}}],"collection":[{"href":"https:\/\/curatoriaforense.net\/niued\/index.php?rest_route=\/wp\/v2\/pages"}],"about":[{"href":"https:\/\/curatoriaforense.net\/niued\/index.php?rest_route=\/wp\/v2\/types\/page"}],"author":[{"embeddable":true,"href":"https:\/\/curatoriaforense.net\/niued\/index.php?rest_route=\/wp\/v2\/users\/16"}],"replies":[{"embeddable":true,"href":"https:\/\/curatoriaforense.net\/niued\/index.php?rest_route=%2Fwp%2Fv2%2Fcomments&post=338"}],"version-history":[{"count":10,"href":"https:\/\/curatoriaforense.net\/niued\/index.php?rest_route=\/wp\/v2\/pages\/338\/revisions"}],"predecessor-version":[{"id":342,"href":"https:\/\/curatoriaforense.net\/niued\/index.php?rest_route=\/wp\/v2\/pages\/338\/revisions\/342"}],"wp:attachment":[{"href":"https:\/\/curatoriaforense.net\/niued\/index.php?rest_route=%2Fwp%2Fv2%2Fmedia&parent=338"}],"curies":[{"name":"wp","href":"https:\/\/api.w.org\/{rel}","templated":true}]}}